 12 - ((21 - (-17 + 6)) + 6).
-26
What is (3 - 7) + (3 - 28) - (-56 - -51)?
-24
Evaluate (7 - 2) + 28 + -16.
17
What is the value of 7 + 3 + 22 - (3 + (1 - 0))?
28
Calculate 11 + -16 + 10 - -8.
13
15 - (11 - -9 - -5)
-10
Evaluate -4 - (-169 - -160 - (0 - (0 + 8))).
-3
What is (-1 - -6) + (105 - 128)?
-18
Calculate (22 - 7) + (19 - 12) + 10.
32
-3 + -9 + 17 + (-5 - (0 + 1))
-1
Calculate -2 - ((-7 - -8 - 0) + 6).
-9
What is the value of 15 + 9 + -6 + 5 + -9?
14
What is the value of -17 - (-7 + 18 + -4 + -6 + -1)?
-17
19 - (-14 + (-22 - -43))
12
-14 - (-19 - -7) - 2
-4
What is the value of (0 - 2) + (29 + -13 - 25)?
-11
Evaluate -11 + (6 - ((2 - -2) + -2 - -2)).
-9
Evaluate 30 + (-16 - (20 - 13)).
7
What is the value of -17 - (-3 - -2 - ((-1 - 1) + 1))?
-17
Evaluate (-1 - 8) + (2 - -1) + 2 + 3.
-1
-22 + 23 + 1 + 1 + -13
-10
What is the value of -27 - (10 - 11 - 15 - -1)?
-12
Calculate (-5 - (-4 + -1)) + (8 - 3).
5
What is (-3 - -8) + (-10 + 6 - 6) + -5?
-10
Evaluate 5 - (-13 + (-10 - -18)).
10
21 - (51 + -5 + -7)
-18
(-3 - -3) + (5 - -2)
7
What is the value of 10 - ((0 - 0) + 4) - (-76 + 82)?
0
What is -2 - -3 - -23 - (-46 - -57)?
13
-23 + -11 + 42 + -10
-2
What is the value of (-7 - (14 - (5 + 15))) + -10?
-11
Calculate (2 + -6 - -1) + -107 + 110.
0
What is -119 + 126 + (-2 - -5)?
10
What is (-12 - (10 + -28 + -2 + 11)) + -25?
-28
What is -1 - -19 - (14 + -6 + 17 + -23)?
16
Evaluate (4 - 0 - 15) + 12.
1
(2 - -4) + 26 + -29 + (2 - 14)
-9
What is the value of (21 - (-2 + 0 + 1)) + (1045 - 1045)?
22
What is the value of -2 + -5 + -7 - -18 - (0 + -10)?
14
Evaluate (5 - (13 + -4)) + 20 + -20.
-4
-1 + (2 - -3) - (-5 - -2 - 3)
10
What is 6 + (12 - 21) - -12?
9
Calculate -3 + (-6 - (4 + -13)) + -14 + 3.
-11
-22 - (-14 + -5) - (-1 - -11) - 2
-15
5 - (-10 - (-10 - 6))
-1
What is the value of 2 + -1 + 1 + 1 + 5?
8
Calculate 14 - (13 - (-12 + 8)).
-3
-18 - (-22 + 29 + -22)
-3
Calculate -2 + (8 - 2 - 5) + (-2 - -10).
7
Evaluate (0 - (-3 + 8 + -6)) + -5 + 1.
-3
What is the value of 33 - 67 - (-54 + 40)?
-20
Calculate -21 + (23 - (6 + 6)) + 3.
-7
What is 8 - 8 - 1 - (-3 + 0) - -6?
8
What is -45 + (-12 + -10 - -36)?
-31
Calculate 636 + -636 - (18 - 0).
-18
28 - (-9 - ((2 - 10) + -10))
19
What is -44 - (-49 + 23) - -34?
16
What is (-8 - -3) + 8 - (20 - (4 - -7))?
-6
What is the value of (-12 - -1) + 11 + -17 + -3?
-20
-7 - (31 - 40 - (3 - (1 - -4)))
0
Calculate 3 + 27 + -53 + 61.
38
What is the value of -19 - (4 + -6 - -4) - -1?
-20
What is 3 + 2 + -2 + -2 + 16?
17
Evaluate 1 - 1 - (10 - 22 - (-1 + -10)).
1
What is the value of 3 + -10 - (-18 - (-8 - -3))?
6
Evaluate 1 - (37 + (6 - (4 + -4) - 14)).
-28
What is 18 + -28 - (-1 - 8)?
-1
Evaluate 6 + -12 - (21 - (-9 - -18)).
-18
Evaluate -16 + (3 - -3 - (1 - 4)).
-7
(28 - (41 + 6)) + 1 + 5
-13
Evaluate -1 + -28 - (-16 - -56 - 43).
-26
What is the value of (-6 - ((6 - (13 + -8)) + -10)) + 5?
8
What is the value of (-30 - -16) + (16 - 3)?
-1
What is the value of -13 + (-21 - (6 - 44))?
4
Evaluate -3 + 0 + 17 + -14 + -17 + 19.
2
-57 + 16 - (2 + 2 + 2 + -18)
-29
Calculate -1 - 0 - (-6 + (41 - 23)).
-13
What is the value of (1 + 4 - (14 - 2)) + 25 + 0?
18
(-18 - 2 - -50) + -16
14
Calculate -41 + 17 + 18 + 14.
8
-3 + (-2 - (-1 - (-2 - (-1 + -3))))
-2
-24 - (-1 + 0 - (17 + -5 + -10))
-21
What is -15 - ((3 - 0) + -12 - (-26 + 20))?
-12
What is the value of -6 - (7 + -37 - -17 - -9)?
-2
What is the value of 4 + -19 + (-4 - -10) + (3 - -1)?
-5
What is the value of -61 + 52 + 5 + 1 + -1 + -1?
-5
What is the value of 0 + -1 + -24 + (42 - 24) + -4?
-11
Evaluate (15 - (29 - 24)) + (-2 - -4).
12
What is 0 - (-9 + 17) - (8 - (2 - 12))?
-26
12 + 8 + -15 + (4 - 3)
6
-1747 + 1744 + (12 - -1)
10
Evaluate (1 - 12) + 52 + -27 + -10.
4
Calculate -7 - (-2 - (-2 + -5 + 4 - -8)).
0
21 - (2 + 1 + -13 - (-544 - -538))
25
What is -23 - ((-6 - (-4 + -1)) + -10)?
-12
-16 + (17 - 12 - -3)
-8
What is 18 + 13 + -31 - (1 + -10)?
9
Calculate -74 - -80 - (-6 - (2 + -2 - -1)).
13
-8 + -25 + 15 + 2
-16
What is the value of -15 + 9 + 27 + -23?
-2
Evaluate 8 - (10 + (-2 - 1) + 8).
-7
What is the value of -1 + -2 + -10 + (4 - 15)?
-24
What is the value of -36 - (-26 - (1 + 7))?
-2
3 - (18 - (6 - -7))
-2
What is 45 + -2 + 125 + -148?
20
Calculate (12 - 68) + 44 - (2 - (-1 - -11)).
-4
Evaluate -8 + -9 - (5 + -19 + 9).
-12
91 - (81 - -2) - (-13 - (-2 + 3))
22
What is the value of (28 - 10) + -11 - (-1 - (-12 + 0))?
-4
What is (566 - 578) + 2 + 17?
7
Evaluate 16 + (2 + -20 - 14).
-16
What is the value of -30 + 39 + -27 - 18?
-36
What is the value of ((9 - (-8 + 10)) + -9 - 8) + -15?
-25
Evaluate 3 + (8 + -34 - -1) - -9.
-13
(17 - (21 - 13)) + -29
-20
What is (-23 - (-114 + 79)) + -2 + 4 + -7?
7
Calculate 7 + (-2 - 4) - (-20 - -14).
7
Evaluate -1 - 0 - (-65 - (-103 - -44)).
5
Calculate (16 - 0) + -2 - (-15 + 19).
10
Calculate 11 + (-12 - -25) + -45.
-21
(14 - 13 - 4) + 1 + -3 + 1
-4
What is the value of 3 - (37 - 42 - (1 - -1))?
10
Calculate (-9 - -2 - (184 + -201)) + (22 - -1).
33
(6 - (34 + 7)) + 17 + -5
-23
Evaluate 21 - (14 + (13 - -9)).
-15
(5 - 18) + -6 + 2 + 1
-16
Evaluate (56 - 44) + -43 - (1 - 7).
-25
What is 31 - 11 - (10 + 4)?
6
What is the value of -5 + 3 + (-20 - -25) + 2?
5
What is the value of (11 + 1 - 11) + -11 + -5?
-15
What is the value of -7 + 11 - (-8 + 12 - (1 + -20))?
-19
Calculate 2 + (30 - 23 - 6).
3
What is the value of 6 + (64 - 37) + -39?
-6
What is the value of 52 + 13 + -12 + -21?
32
13 - 10 - -3 - 18
-12
What is -288 - -293 - (1 - 8)?
12
7 - (8 + -30 - -33)
-4
What is the value of 50 + -87 + 29 - (1 + (21 - -1))?
-31
What is the value of 8 + 2 + -11 + -18 + 21?
2
What is the value of (101 - 93) + 15 + (-2 - -5)?
26
What is -45 + 33 + -39 + 30?
-21
Evaluate 2 + (0 - ((-15 - -5) + 19)).
-7
Evaluate -19 + 1 + 7 + 7 + -8.
-12
2 + -18 + -19 + -11 + 28
-18
8 - (16 - (-11 - -15))
-4
What is the value of -46 + -3 + (49 - 22)?
-22
5 - (-25 - (-21 + 3))
12
Calculate (1 - 3 - -1) + -46 + 43.
-4
What is the value of -12 - ((-13 - 5) + -14)?
20
Evaluate (-5 - (1 + -5)) + 21 + -23.
-3
Evaluate (8 + 10 - (-3 + 2)) + -6.
13
What is 4 - (67 - 69 - (2 + (3 - -12)))?
23
What is -19 + 14 + (8 - 5) + 2?
0
-27 + (62 - (7 + 10))
18
Calculate -6 + (-19 - -6 - -27).
8
What is 12 - (-24 + 0) - 22?
14
What is the value of -12 + 0 + (9 - -9) - (1 + -9)?
14
8 + -14 + -32 - -10 - (-3 + 10)
-35
Calculate 11 + -6 - 10 - (9 - (1 + -3)).
-16
What is 29 - (-46 + 18 + 22)?
35
Evaluate 149 - 127 - (29 + -1).
-6
What is 39 + 1 + 1 + (10 - (0 - -22))?
29
What is the value of (3 - 24) + -27 + 45?
-3
Evaluate -5 + -1 + -14 + (-5 - -13) + 4.
-8
Calculate 9 - (19 + 8) - -16.
-2
What is -6 + -10 + 6 + 19?
9
What is 16 + 0 + (78 - 72)?
22
(-2 - -1) + (-28 - -41 - 27)
-15
-22 + -31 + (36 - -17)
0
Evaluate -206 - -214 - (4 - (3 - 3) - 28).
32
What is -8 + (-17 - -24) + 6 + 26?
31
Calculate -34 - -22 - (-18 - -1).
5
What is (0 + -1 + -2 - 5) + -428 + 423?
-13
Evaluate (-1 + 3 - 7) + -83 + 75 - -3.
-10
What is 7 + 0 + 0 + -22?
-15
What is -13 + 8 + 0 + -5 + (39 - 50)?
-21
Calculate 6 + (-29 - (-8 + 0 + -4)).
-11
5 + 1 + 6 + 1 + -21 + 3
-5
What is -1588 + 1551 + 8 + 1 + -2?
-30
Calculate -3 + 10 - (7 + (-3 - -4) - 6).
5
Calculate 3 + (5 - -8) + -20.
-4
Evaluate (-21 - -4 - -11) + 1.
-5
Calculate -1 + (8 - 3) + -16.
-12
Calculate (6 - 6) + 1 + 3 - -4.
8
Evaluate (-17 - 3) + 10 + 10.
0
What is ((-5 - 6) + 4 - 0) + 1 + 23?
17
Calculate -5 - 2 - (1 + -9 + 0) - 16.
-15
What is -1 - -5 - 10 - -1 - (1 + -11)?
5
What is -8 + 1 + -6 + (-2 - 9) - -7?
-17
15 + (-5 + 11 - 24)
-3
Evaluate (-66 - -66 - (-10 - 2)) + -40.
-28
Calculate -3 - (-3 - (-7 + 12)).
5
0 - (1 + (-3 - (3 - 2)) + -5)
8
-12 - (-15 - (-3 + -9 + 4))
-5
Evaluate -12 + (2 - -2) + 5.
-3
Calculate -4 - (-5 + (-4 - -4 - -5)).
-4
Evaluate -16 + (-21 - -25) + 13.
1
Calculate 13 + (23 - 8 - 16).
12
What is the value of 1 + -1 + (18 - 55 - -23)?
-14
Calculate -21 + (30 - (25 - 34)).
18
19 - 52 - -18 - -14
-1
-18 + -14 + 9 - -21
-2
11 + (11 - (8 + 10))
4
What is the value of 28 - (-9 + 31) - (-1 - (-3 - 9))?
-5
What is -13 - ((12 - 9) + -14) - 4?
-6
What is -11 + 3 + 5 - 13?
-16
Calculate -18 + -1 + (150 - 136) + (-11 - 2).
-18
(16 - -4 - 13) + -2 + 11 + -3
13
Evaluate 10 + (-11 - -10) + -6 + 10.
13
Evaluate 17 + (-3 - -4) + (-241 